{"id":8013,"date":"2019-12-04T16:59:16","date_gmt":"2019-12-04T15:59:16","guid":{"rendered":"https:\/\/autokredit.smava.hostpress.me\/?page_id=8013"},"modified":"2026-04-21T10:01:39","modified_gmt":"2026-04-21T08:01:39","slug":"der-autokredit-fuer-selbststaendige","status":"publish","type":"page","link":"https:\/\/www.smava.de\/autokredit\/der-autokredit-fuer-selbststaendige\/","title":{"rendered":"Der Autokredit f\u00fcr Selbstst\u00e4ndige"},"content":{"rendered":"","protected":false},"excerpt":{"rendered":"","protected":false},"author":2,"featured_media":0,"parent":0,"menu_order":0,"comment_status":"closed","ping_status":"closed","template":"page-lp-2019.php","meta":{"_acf_changed":false,"footnotes":""},"class_list":["post-8013","page","type-page","status-publish","hentry"],"acf":[],"yoast_head":"<!-- This site is optimized with the Yoast SEO plugin v27.1 - https:\/\/yoast.com\/product\/yoast-seo-wordpress\/ -->\n<title>Autokredit f\u00fcr Selbstst\u00e4ndige: Voraussetzungen &amp; Vergleich<\/title>\n<meta name=\"description\" content=\"Autokredit f\u00fcr Selbstst\u00e4ndige finden: Voraussetzungen, Unterlagen und passende Angebote vergleichen. Jetzt Finanzierung online pr\u00fcfen.\" \/>\n<meta name=\"robots\" content=\"index, follow, max-snippet:-1, max-image-preview:large, max-video-preview:-1\" \/>\n<link rel=\"canonical\" href=\"https:\/\/www.smava.de\/autokredit\/der-autokredit-fuer-selbststaendige\/\" \/>\n<meta property=\"og:locale\" content=\"de_DE\" \/>\n<meta property=\"og:type\" content=\"article\" \/>\n<meta property=\"og:title\" content=\"Autokredit f\u00fcr Selbstst\u00e4ndige: Voraussetzungen &amp; Vergleich\" \/>\n<meta property=\"og:description\" content=\"Autokredit f\u00fcr Selbstst\u00e4ndige finden: Voraussetzungen, Unterlagen und passende Angebote vergleichen. Jetzt Finanzierung online pr\u00fcfen.\" \/>\n<meta property=\"og:url\" content=\"https:\/\/www.smava.de\/autokredit\/der-autokredit-fuer-selbststaendige\/\" \/>\n<meta property=\"og:site_name\" content=\"Autokredit\" \/>\n<meta property=\"article:publisher\" content=\"https:\/\/www.facebook.com\/p\/smava-100064534726416\/\" \/>\n<meta property=\"article:modified_time\" content=\"2026-04-21T08:01:39+00:00\" \/>\n<meta name=\"twitter:label1\" content=\"Gesch\u00e4tzte Lesezeit\" \/>\n\t<meta name=\"twitter:data1\" content=\"15\u00a0Minuten\" \/>\n<!-- \/ Yoast SEO plugin. -->","yoast_head_json":{"title":"Autokredit f\u00fcr Selbstst\u00e4ndige: Voraussetzungen & Vergleich","description":"Autokredit f\u00fcr Selbstst\u00e4ndige finden: Voraussetzungen, Unterlagen und passende Angebote vergleichen. Jetzt Finanzierung online pr\u00fcfen.","robots":{"index":"index","follow":"follow","max-snippet":"max-snippet:-1","max-image-preview":"max-image-preview:large","max-video-preview":"max-video-preview:-1"},"canonical":"https:\/\/www.smava.de\/autokredit\/der-autokredit-fuer-selbststaendige\/","og_locale":"de_DE","og_type":"article","og_title":"Autokredit f\u00fcr Selbstst\u00e4ndige: Voraussetzungen & Vergleich","og_description":"Autokredit f\u00fcr Selbstst\u00e4ndige finden: Voraussetzungen, Unterlagen und passende Angebote vergleichen. Jetzt Finanzierung online pr\u00fcfen.","og_url":"https:\/\/www.smava.de\/autokredit\/der-autokredit-fuer-selbststaendige\/","og_site_name":"Autokredit","article_publisher":"https:\/\/www.facebook.com\/p\/smava-100064534726416\/","article_modified_time":"2026-04-21T08:01:39+00:00","twitter_misc":{"Gesch\u00e4tzte Lesezeit":"15\u00a0Minuten"},"schema":{"@context":"https:\/\/schema.org","@graph":[{"@type":"WebPage","@id":"https:\/\/www.smava.de\/autokredit\/der-autokredit-fuer-selbststaendige\/","url":"https:\/\/www.smava.de\/autokredit\/der-autokredit-fuer-selbststaendige\/","name":"Autokredit f\u00fcr Selbstst\u00e4ndige: Voraussetzungen & Vergleich","isPartOf":{"@id":"https:\/\/www.smava.de\/autokredit\/#website"},"datePublished":"2019-12-04T15:59:16+00:00","dateModified":"2026-04-21T08:01:39+00:00","description":"Autokredit f\u00fcr Selbstst\u00e4ndige finden: Voraussetzungen, Unterlagen und passende Angebote vergleichen. Jetzt Finanzierung online pr\u00fcfen.","breadcrumb":{"@id":"https:\/\/www.smava.de\/autokredit\/der-autokredit-fuer-selbststaendige\/#breadcrumb"},"inLanguage":"de","potentialAction":[{"@type":"ReadAction","target":["https:\/\/www.smava.de\/autokredit\/der-autokredit-fuer-selbststaendige\/"]}]},{"@type":"BreadcrumbList","@id":"https:\/\/www.smava.de\/autokredit\/der-autokredit-fuer-selbststaendige\/#breadcrumb","itemListElement":[{"@type":"ListItem","position":1,"name":"Home","item":"https:\/\/www.smava.de\/autokredit\/"},{"@type":"ListItem","position":2,"name":"Der Autokredit f\u00fcr Selbstst\u00e4ndige"}]},{"@type":"WebSite","@id":"https:\/\/www.smava.de\/autokredit\/#website","url":"https:\/\/www.smava.de\/autokredit\/","name":"smava","description":"abc","publisher":{"@id":"https:\/\/www.smava.de\/autokredit\/#organization"},"potentialAction":[{"@type":"SearchAction","target":{"@type":"EntryPoint","urlTemplate":"https:\/\/www.smava.de\/autokredit\/?s={search_term_string}"},"query-input":{"@type":"PropertyValueSpecification","valueRequired":true,"valueName":"search_term_string"}}],"inLanguage":"de"},{"@type":"Organization","@id":"https:\/\/www.smava.de\/autokredit\/#organization","name":"smava GmbH","alternateName":"smava","url":"https:\/\/www.smava.de\/autokredit\/","logo":{"@type":"ImageObject","inLanguage":"de","@id":"https:\/\/www.smava.de\/autokredit\/#\/schema\/logo\/image\/","url":"https:\/\/www.smava.de\/autokredit\/wp-content\/uploads\/2025\/10\/logo.png","contentUrl":"https:\/\/www.smava.de\/autokredit\/wp-content\/uploads\/2025\/10\/logo.png","width":512,"height":557,"caption":"smava GmbH"},"image":{"@id":"https:\/\/www.smava.de\/autokredit\/#\/schema\/logo\/image\/"},"sameAs":["https:\/\/www.facebook.com\/p\/smava-100064534726416\/","https:\/\/x.com\/smava","https:\/\/de.linkedin.com\/company\/smava","https:\/\/www.instagram.com\/smava_gmbh\/","https:\/\/www.youtube.com\/@smava."]}]}},"_links":{"self":[{"href":"https:\/\/www.smava.de\/autokredit\/wp-json\/wp\/v2\/pages\/8013","targetHints":{"allow":["GET"]}}],"collection":[{"href":"https:\/\/www.smava.de\/autokredit\/wp-json\/wp\/v2\/pages"}],"about":[{"href":"https:\/\/www.smava.de\/autokredit\/wp-json\/wp\/v2\/types\/page"}],"author":[{"embeddable":true,"href":"https:\/\/www.smava.de\/autokredit\/wp-json\/wp\/v2\/users\/2"}],"replies":[{"embeddable":true,"href":"https:\/\/www.smava.de\/autokredit\/wp-json\/wp\/v2\/comments?post=8013"}],"version-history":[{"count":26,"href":"https:\/\/www.smava.de\/autokredit\/wp-json\/wp\/v2\/pages\/8013\/revisions"}],"predecessor-version":[{"id":21967,"href":"https:\/\/www.smava.de\/autokredit\/wp-json\/wp\/v2\/pages\/8013\/revisions\/21967"}],"wp:attachment":[{"href":"https:\/\/www.smava.de\/autokredit\/wp-json\/wp\/v2\/media?parent=8013"}],"curies":[{"name":"wp","href":"https:\/\/api.w.org\/{rel}","templated":true}]}}